t x be t(n). Calculate the greatest common factor of x and 24.
24
Let n be 10*3*(-12)/(-30). Let j be (-3055)/(-20) + 3/12. Let y = j - 21. Calculate the greatest common factor of n and y.
12
Let q = -255 + 591. Let y be (q/(-70))/(1/(-5)). Calculate the highest common divisor of 24 and y.
24
Let k be (-2)/19 - (-660528)/836. What is the greatest common divisor of k and 474?
158
Let g(l) = l**2 + 4*l - 11. Let a = 6 - 16. Let b be g(a). Let u = 16 + -9. Calculate the highest common divisor of b and u.
7
Suppose 11*s - 399 - 1229 = 0. Calculate the greatest common divisor of 185 and s.
37
Suppose 0 = 19*w - 7396 - 888. Calculate the highest common factor of 4 and w.
4
Let m(i) = -39*i**3 + 1. Let g = 0 - -5. Suppose g*j = j - 4. Let w be m(j). What is the highest common divisor of 10 and w?
10
Suppose 13 = y - 3. Let x(h) = -3*h - 142. Let z be x(-58). What is the greatest common factor of z and y?
16
Let y(j) = j**3 - 3*j**2. Let m be y(3). Suppose -2*u - 2*u = 5*b - 53, m = u + 5*b - 17. What is the greatest common factor of u and 60?
12
Suppose 5*l - 4*n - 17 = 0, 3*l - 7*l = 5*n - 30. Calculate the highest common factor of l and 10.
5
Let a(n) = n**2 - 11*n + 35. Let g be a(8). Let w be (3/15)/(g/715). Calculate the highest common divisor of 104 and w.
13
Let g(z) = 9*z - 51. Let v be g(9). What is the highest common divisor of v and 12?
6
Let c(p) = -114*p**2 - 105*p**2 + 225*p**2 + 4*p + 9. Let d be c(-7). What is the highest common factor of 25 and d?
25
Let z(o) = -o**3 - 20*o**2 + 47*o + 75. Let m be z(-22). What is the greatest common divisor of m and 387?
9
Suppose 0 = 2*d - i - 103 - 231, 4*i = -2*d + 354. Calculate the highest common factor of 13 and d.
13
Let v(r) = 9*r**2 - 10*r + r**3 + 1 + 0 + 0*r + 3. Let y be v(-10). Suppose -3 + 55 = y*h. Calculate the highest common factor of h and 52.
13
Suppose 0 = -s + x + 5, 0*s - 5*x = -4*s + 19. Let v = -38 - -26. Let r be (4 - 1) + 12/v. What is the highest common factor of r and s?
2
Let p(j) = 12*j + 1. Let n be p(-1). Let c = n + 13. Suppose 2 = -4*s - c, -2*s = -5*f + 47. What is the greatest common factor of f and 18?
9
Let g be 1/((-3)/(-12) + 3/(-60)). Let p(u) = u**3 + 5*u**2 - u. Let k be p(-5). Calculate the highest common divisor of g and k.
5
Suppose -3*g - 5*j + 8 = 0, 4*g - 2*j - 2 + 0 = 0. Let q(w) = 2*w**2 + w. Let f be q(g). Suppose p + f*p - 40 = 0. What is the highest common factor of p and 4?
2
Let t = 43 - 20. Let n = 2 - -2. Let d = t - n. What is the greatest common factor of 57 and d?
19
Let w be (-2)/10 + 287/35. Let z(i) = 7*i**2 - i - 4. Suppose 3*p + 5*a = 4, -p + 2 = p + 4*a. Let k be z(p). What is the greatest common divisor of k and w?
8
Suppose -n = -4*r - 105, 0 = 4*n + r + 107 - 578. Suppose 0 = -d + 9 + 4. What is the highest common factor of n and d?
13
Let r(b) = -9*b**3 - b**2 - 3*b + 1. Let y be r(-2). Suppose 42 = 2*x - 3*i - 64, -i = 0. Let m = y - x. Calculate the highest common divisor of m and 2.
2
Let h(c) = c**2 + 1. Let j(y) = 5*y**2 - 18*y - 34. Let u(d) = -4*h(d) + j(d). Let t be u(21). What is the greatest common divisor of t and 225?
25
Suppose 5*h + 4*v = -26 + 42, 11 = 3*h + v. Calculate the highest common factor of 80 and h.
4
Let h(l) be the third derivative of l**4/4 - 43*l**3/6 + 31*l**2. Let y be h(10). Calculate the greatest common factor of 187 and y.
17
Let s be (-6)/18*-9*(-4)/(-2). Let y be 1*-2*(-1 - (s - 3)). Calculate the highest common factor of y and 8.
8
Let m(h) = -10*h**2 + 3*h - 1. Let s be m(2). Let g = -36 - -99. Let a = g + s. Calculate the highest common factor of a and 42.
14
Suppose -g + 79 = u, 3*u + 6*g - 235 = 2*g. Let r(o) = 8*o - 5*o**3 + 2 - 4*o**3 - 8*o + 2*o. Let j be r(-1). What is the highest common divisor of j and u?
9
Suppose 41*h - 4648 - 4577 = 0. What is the highest common factor of 75 and h?
75
Suppose -y = 4*v + 7 - 1252, 0 = -5*v - 5*y + 1545. Calculate the highest common factor of 168 and v.
24
Suppose -334*i = -333*i - 20. Let b(m) = 11*m**2 - 2*m + 5. Let a be b(-3). Calculate the highest common factor of a and i.
10
Let o be (-5)/((-54)/459 + 298/2822). Calculate the highest common factor of 166 and o.
83
Let w(y) = -7*y + 5. Let q(v) = 37*v - 26. Let t(i) = 2*q(i) + 11*w(i). Let f = 17 - 25. Let k be t(f). What is the greatest common divisor of 3 and k?
3
Let t be 1 + -1 + 25 + 2 + 6. Calculate the greatest common divisor of 55 and t.
11
Suppose -2*p - o = -27 + 2, -3*p = -o - 40. Let s(y) = y + 6. Let t be s(p). Suppose -3*z + 855 = 2*z. What is the highest common divisor of z and t?
19
Let y = -101 + 110. Let d(p) = p**2 - 4*p - 19. Let m be d(y). What is the highest common factor of m and 13?
13
Suppose -156 = -4*x - 684. Let u = x - -156. What is the highest common factor of 168 and u?
24
Let f be 11/(0 + (-1)/(-5)). Calculate the greatest common factor of f and 110.
55
Let i be (-218 - (-6)/3)*(-72)/144. Calculate the highest common factor of i and 396.
36
Let r = 629 - 453. What is the highest common factor of r and 32?
16
Suppose 24*l - 672 = 17*l. Calculate the highest common divisor of l and 160.
32
Let i be 4/14 + ((-360)/(-14) - 1). Suppose 0 = -2*z + i + 27. Let y = 1 - -12. What is the highest common factor of y and z?
13
Let t = 37 - 54. Let s(a) = -6*a + 18. Let i be s(t). What is the highest common divisor of 30 and i?
30
Suppose -7*a - 50 = -2*a. Let m = a + 23. Calculate the greatest common factor of 143 and m.
13
Suppose 5*h - 9*h = 152. Let c = 48 + h. Calculate the greatest common factor of c and 25.
5
Suppose -70 + 4 = -3*r. Let t = 32 - r. Suppose i - 2*i = -t. Calculate the greatest common factor of 30 and i.
10
Suppose 2*u - 335 = 39. What is the greatest common factor of 44 and u?
11
Let o = 498 + -440. What is the highest common divisor of o and 87?
29
Let r = 3125 + -2360. What is the highest common factor of 5 and r?
5
Suppose -1 + 5 = -2*o. Let x(s) = -109*s + 6. Let k be x(o). What is the greatest common factor of k and 32?
32
Suppose 4*d + 106 = -5*h + 361, 2*h = 6. What is the greatest common divisor of d and 80?
20
Suppose -5*x + 6*t = 2*t - 1365, x = 5*t + 252. Suppose 4*l + u = 2*u + x, -4*u = l - 65. What is the greatest common factor of 46 and l?
23
Let m = 224 - 203. Calculate the greatest common divisor of m and 63.
21
Suppose -4*g = -2*g - 20. Suppose 20 = 3*m + 5*t, -4*m = t - 13 - 42. What is the greatest common divisor of g and m?
5
Suppose 0*w + 3*w = 4*l + 81, -86 = -4*w - 2*l. Let a = 34 + w. Let n(s) = s**2 + 7*s + 8. Let i be n(-10). What is the highest common divisor of a and i?
19
Let u(p) = 39*p + 3. Let d(y) = -11*y - 1. Let z(m) = -18*d(m) - 5*u(m). Let n be z(6). Calculate the greatest common factor of 105 and n.
21
Let v = 1933 - 1878. Suppose 0 = -5*h + 4*k + 5, 0 = -0*h - 3*h + 2*k + 5. Calculate the highest common divisor of h and v.
5
Let m = -12 + 2. Let q = m + 3. Let s = q + 9. What is the highest common factor of 18 and s?
2
Let h(i) be the second derivative of 5*i**4/4 + 14*i. Let x be h(2). What is the greatest common divisor of 20 and x?
20
Let p be 0 + 0 + 4 + (-2 - -4). Suppose 96 = p*u - 0*u. Let m be 2 + 1 - (-2 + 1). Calculate the highest common factor of m and u.
4
Let x = 2 - 7. Let j = x + 5. Let t be j + 1/(3/24). What is the highest common factor of t and 64?
8
Let p = 32 + -27. Suppose 0*n - 825 = -p*n. Suppose -6*t = -2*t - 60. What is the greatest common divisor of t and n?
15
Let l = -5 - -8. Suppose n = l*n - 12. Let v(t) = t**2 - 2*t + 8. Let h be v(n). Calculate the greatest common divisor of 48 and h.
16
Suppose 19 = m - 5*a - 0, 4*m + a = 34. Suppose m*i - 87 = -24. What is the greatest common divisor of 49 and i?
7
Suppose -2*o + 5 = -5*w, 2*o + 4*w = -0*w + 32. Let c be (0 + -1)/((-2)/42). Let l = c - 16. Calculate the greatest common factor of l and o.
5
Let k be 5*(7/(-35) + (-21)/(-5)). Calculate the highest common factor of k and 500.
20
Let v(s) = s. Let f(w) = -w**3 - 7*w**2 - 5*w + 1. Let j be f(-6). Let h be v(j). Let n be (-25)/(-2)*(-3 - h). What is the greatest common factor of 50 and n?
25
Let s = -1444 + 1709. What is the highest common factor of 424 and s?
53
Suppose -2*c = 3*h - 35 - 86, 0 = -2*c - 4*h + 116. What is the greatest common divisor of 884 and c?
68
Let f = -140 + 2